94?
True
Is 7 a factor of 3240?
False
Is 715 a multiple of 5?
True
Is 53993 a multiple of 291?
False
Is 32 a factor of 1760?
True
Is 16 a factor of 64?
True
Is 1199 a multiple of 3?
False
Is 22 a factor of 1540?
True
Is 85 a factor of 8868?
False
Is 122320 a multiple of 55?
True
Does 9 divide 2925?
True
Is 75 a factor of 375?
True
Does 60 divide 2288?
False
Is 20 a factor of 12745?
False
Is 12 a factor of 28?
False
Is 115112 a multiple of 15?
False
Is 111 a factor of 8784?
False
Does 92 divide 22908?
True
Is 22 a factor of 1892?
True
Does 72 divide 43344?
True
Is 17 a factor of 849?
False
Does 15 divide 3315?
True
Does 29 divide 52781?
False
Is 280 a multiple of 14?
True
Is 304 a multiple of 2?
True
Is 8658 a multiple of 136?
False
Does 81 divide 43902?
True
Is 44838 a multiple of 53?
True
Is 819 a multiple of 39?
True
Does 10 divide 3183?
False
Is 2483 a multiple of 25?
False
Does 22 divide 8264?
False
Is 100 a factor of 6150?
False
Does 15 divide 3390?
True
Is 10848 a multiple of 113?
True
Is 3750 a multiple of 7?
False
Is 25 a factor of 29?
False
Does 16 divide 1226?
False
Is 21 a factor of 68040?
True
Is 60 a factor of 2040?
True
Is 782 a multiple of 46?
True
Is 4436 a multiple of 58?
False
Is 2658 a multiple of 73?
False
Does 8 divide 1800?
True
Does 210 divide 99411?
False
Does 10 divide 1482?
False
Is 23 a factor of 552?
True
Is 2866 a multiple of 17?
False
Is 57888 a multiple of 108?
True
Does 22 divide 14428?
False
Does 42 divide 21126?
True
Does 3 divide 90?
True
Is 23 a multiple of 3?
False
Is 94250 a multiple of 65?
True
Does 18 divide 54?
True
Is 4882 a multiple of 68?
False
Is 211 a factor of 59575?
False
Is 15328 a multiple of 90?
False
Does 32 divide 46?
False
Is 490 a multiple of 49?
True
Does 10 divide 4170?
True
Does 66 divide 462?
True
Is 916 a multiple of 5?
False
Is 28 a factor of 362?
False
Does 9 divide 594?
True
Is 36 a factor of 20251?
False
Does 11 divide 583?
True
Does 4 divide 1983?
False
Is 1001 a multiple of 13?
True
Is 22 a factor of 9042?
True
Is 6552 a multiple of 26?
True
Is 5 a factor of 2924?
False
Does 55 divide 815?
False
Does 6 divide 7230?
True
Does 10 divide 9755?
False
Does 7 divide 78?
False
Is 13 a factor of 1025?
False
Is 55 a factor of 1836?
False
Is 3185 a multiple of 65?
True
Is 75 a factor of 15797?
False
Does 10 divide 6949?
False
Is 620 a multiple of 4?
True
Is 301 a multiple of 4?
False
Does 192 divide 125033?
False
Does 10 divide 170?
True
Does 17 divide 11152?
True
Does 6 divide 6951?
False
Is 1769 a multiple of 29?
True
Is 24003 a multiple of 189?
True
Is 3754 a multiple of 15?
False
Does 170 divide 34607?
False
Is 10 a factor of 1935?
False
Does 27 divide 2133?
True
Does 15 divide 75?
True
Is 5 a factor of 3147?
False
Is 70725 a multiple of 345?
True
Does 28 divide 1148?
True
Does 86 divide 10449?
False
Does 29 divide 3480?
True
Is 30 a factor of 870?
True
Does 28 divide 1238?
False
Is 1322 a multiple of 18?
False
Is 5280 a multiple of 32?
True
Does 10 divide 7280?
True
Is 34 a factor of 1946?
False
Does 27 divide 3483?
True
Does 4 divide 154?
False
Is 6 a factor of 2878?
False
Is 186 a factor of 75888?
True
Is 4 a factor of 100?
True
Is 54451 a multiple of 30?
False
Is 4 a factor of 1136?
True
Is 4104 a multiple of 12?
True
Is 5 a factor of 50?
True
Is 924 a multiple of 24?
False
Is 2463 a multiple of 41?
False
Is 15 a factor of 1276?
False
Is 24 a factor of 1189?
False
Does 13 divide 312?
True
Is 24492 a multiple of 6?
True
Is 2843 a multiple of 89?
False
Is 20976 a multiple of 48?
True
Is 90 a factor of 180?
True
Does 8 divide 634?
False
Does 36 divide 761?
False
Is 33 a factor of 7362?
False
Does 37 divide 191?
False
Does 44 divide 5544?
True
Does 21 divide 4704?
True
Does 8 divide 172?
False
Is 194 a multiple of 5?
False
Does 13 divide 6903?
True
Is 5439 a multiple of 147?
True
Does 82 divide 259?
False
Is 2687 a multiple of 12?
False
Does 12 divide 887?
False
Is 76 a factor of 13908?
True
Is 130 a factor of 7150?
True
Does 291 divide 19788?
True
Does 72 divide 2028?
False
Does 11 divide 39217?
False
Is 1883 a multiple of 26?
False
Is 115 a factor of 92345?
True
Does 31 divide 3627?
True
Does 49 divide 3038?
True
Is 1563 a multiple of 4?
False
Is 219 a multiple of 3?
True
Is 163 a factor of 2608?
True
Does 17 divide 3247?
True
Is 216 a multiple of 12?
True
Is 103 a factor of 3605?
True
Does 3 divide 7172?
False
Is 18 a factor of 17226?
True
Is 14555 a multiple of 41?
True
Does 6 divide 3624?
True
Is 8 a factor of 1657?
False
Does 24 divide 1728?
True
Is 123 a multiple of 41?
True
Is 13 a factor of 39965?
False
Is 37199 a multiple of 11?
False
Does 9 divide 50868?
True
Is 22760 a multiple of 17?
False
Is 66 a factor of 2772?
True
Is 20032 a multiple of 64?
True
Does 6 divide 49?
False
Does 17 divide 3179?
True
Is 11445 a multiple of 105?
True
Is 111 a factor of 4092?
False
Is 1340 a multiple of 10?
True
Does 4 divide 844?
True
Does 16 divide 7408?
True
Is 268 a factor of 129980?
True
Is 31248 a multiple of 42?
True
Is 34 a factor of 1008?
False
Is 10 a factor of 200?
True
Is 128 a factor of 1253?
False
Is 10600 a multiple of 100?
True
Is 28 even?
True
Does 84 divide 49972?
False
Is 30483 a multiple of 4?
False
Is 6594 a multiple of 4?
False
Is 19 a factor of 487?
False
Does 213 divide 11752?
False
Is 3 a factor of 33?
True
Is 32 a factor of 879?
False
Does 36 divide 640?
False
Does 37 divide 6549?
True
Is 4410 a multiple of 14?
True
Is 534 a multiple of 24?
False
Is 4385 a multiple of 165?
False
Is 2674 a multiple of 14?
True
Is 51 a factor of 2021?
False
Is 20375 a multiple of 163?
True
Is 224 a multiple of 21?
False
Does 7 divide 756?
True
Does 19 divide 16665?
False
Is 30 a factor of 840?
True
Is 476 a multiple of 28?
True
Is 8 a factor of 1152?
True
Does 2 divide 8856?
True
Is 26 a factor of 8138?
True
Does 97 divide 16005?
True
Does 6 divide 6907?
False
Is 5 a factor of 695?
True
Is 63641 a multiple of 25?
False
Does 90 divide 2616?
False
Is 108 a factor of 2367?
False
Is 2310 a multiple of 110?
True
Is 37422 a multiple of 66?
True
Is 42 a factor of 7354?
False
Does 4 divide 1624?
True
Does 58 divide 7943?
False
Is 616 a multiple of 18?
False
Does 21 divide 3612?
True
Does 10 divide 5720?
True
Does 14 divide 686?
True
Is 20720 a multiple of 7?
True
Does 5 divide 12?
False
Does 67 divide 1365?
False
Is 18509 a multiple of 223?
True
Does 42 divide 4410?
True
Is 4221 a multiple of 72?
False
Is 83 a factor of 498?
True
Is 32 a factor of 704?
True
Is 240 a multiple of 60?
True
Does 30 divide 896?
False
Is 1400 a multiple of 2?
True
Does 3 divide 2801?
False
Does 99 divide 40772?
False
Does 10 divide 29991?
False
Does 4 divide 648?
True
Does 18 divide 414?
True
Is 1883 a multiple of 57?
False
Is 35 a factor of 7485?
False
Is 56 a factor of 299?
False
Is 9 a factor of 3601?
False
Does 75 divide 403?
False
Is 135 even?
False
Is 50 a multiple of 5?
True
Is 2198 a multiple of 51?
False
Is 180 a factor of 11160?
True
Does 171 divide 7242?
False
Is 10 a factor of 130?
True
Does 26 divide 3103?
False
Is 12 a factor of 10980?
True
Does 188 divide 13007?
False
Is 98000 a multiple of 16?
True
Does 193 divide 102348?
False
Is 17 a factor of 51?
True
Is 45 a factor of 45?
True
Does 14 divide 16880?
False
Is 40 a factor of 4958?
False
Is 6028 a multiple of 44?
True
Is 19538 a multiple of 17?
False
Is 126412 a multiple of 143?
True
Is 5 a factor of 450?
True
Is 52 a factor of 52780?
True
Is 1588 a multiple of 32?
False
Is 40 a factor of 120?
True
Is 2380 a multiple of 28?
True
Does 10 divide 192?
False
Is 11 a factor of 65384?
True
Does 124 divide 9005?
False
Is 78 even?
True
Is 1039 a multiple of 35?
False
Is 155 a factor of 92017?
False
Is 11 a factor of 1816?
False
Is 181 a factor of 4163?
True
Is 3023 a multiple of 26?
False
Is 1292 a multiple of 18?
False
Is 12 a factor of 3467?
False
Does 9 divide 540?
True
Is 20 a factor of 4934?
False
Is 38 a factor of 1292?
True
Does 54 divide 55427?
False
Does 9 divide 187?
False
Is 61 a factor of 2257?
True
Does 47 divide 3055?
True
Is 630 a multiple of 14?
True
Is 62 even?
True
Is 44 a factor of 4935?
False
Is 12546 a multiple of 306?
True
Is 96 a factor of 5760?
True
Is 3 a factor of 4784?
False
Is 40 a factor of 840?
True
Is 19 a factor of 55289?